 7 + 5 = -2*n, 5*n = -c - 13. Suppose o + 3 = -c*o. Is 14 a factor of p(o)?
False
Let i(w) = 6*w. Let d = 6 + -4. Suppose 5*n - k + d = 2*k, -4*k = -3*n - 10. Is i(n) a multiple of 12?
True
Let c = -51 - -30. Let m = -15 - c. Does 3 divide m?
True
Suppose 0 = 3*q + 2*s - 112, s = 5*s + 4. Is q a multiple of 4?
False
Suppose 0*q + q - 20 = -4*r, -4*r + 20 = -4*q. Suppose q = -2*i + 5 + 1, 4*s = i - 7. Let g = 46 + s. Does 13 divide g?
False
Let o(f) = -8*f + 16. Is 36 a factor of o(-7)?
True
Let n = -11 - -6. Let c be (-32)/n + 14/(-35). Is 7 a factor of c/27 + (-264)/(-27)?
False
Suppose -1 + 8 = h. Let r be 2/(-7) - (-30)/h. Is 12 a factor of (2 + (r - 1))*6?
False
Let q = 208 + -140. Is q a multiple of 17?
True
Suppose -4*a - s - 82 = -203, 3*a = -4*s + 94. Suppose i + 4*i - a = 0. Suppose 0 = -t + o + 6, 0 = -5*t + 3*o - i + 44. Does 10 divide t?
True
Let h(p) = 4*p + 1. Let m = -5 + 7. Let z(w) = 3*w**2 - 3*w + 1. Let l be z(m). Is h(l) a multiple of 23?
False
Is 102/(-2)*(-5 + (-6)/(-3)) a multiple of 17?
True
Let p(y) = 2*y**2 - 9*y - 13. Does 12 divide p(11)?
False
Let b be (2/4)/((-3)/(-18)). Suppose -b*t - k - 1 + 4 = 0, 4*t - 4*k = -12. Suppose 0*i + 3*i - 105 = t. Is i a multiple of 19?
False
Let i(a) = a**3 + 24*a**2 + 44*a + 15. Does 9 divide i(-22)?
False
Let w(m) = 2*m**2 + 6*m + 3. Let j be w(-4). Suppose -4*d - 5*n + j = -6*d, n = -d - 9. Is 22 a factor of 436/10 - d/20?
True
Suppose -4*b - b - 9 = 3*c, c - 17 = 5*b. Is 1 - (-38 - b) - 0 a multiple of 18?
True
Let q = -31 - -110. Is 17 a factor of q?
False
Suppose 8 = -0*i + 2*i. Suppose -i*m + 3*j + 60 - 15 = 0, 0 = 4*j - 4. Is m a multiple of 6?
True
Let b be (-2 - 2)*(-114)/4. Let j = b - 78. Is j a multiple of 15?
False
Suppose 0*y = 5*y - 85. Does 17 divide y?
True
Suppose 0*d = -4*d + 4*j + 156, -5*j - 23 = -d. Suppose -p - d = -4*u, 5*u - 4*p = u + 52. Does 10 divide u?
True
Let d(v) be the second derivative of -v**3/6 + 23*v**2/2 - 2*v. Let z = 5 + -5. Is d(z) a multiple of 8?
False
Let s(m) = 2*m**3 + 2 + 6*m**2 - 3*m**3 - 2*m + 1. Let z(n) = -n**2 + 9*n + 5. Let r be z(9). Is s(r) a multiple of 9?
True
Suppose -5*t = -103 - 372. Does 10 divide t?
False
Suppose -3*g = -2*w - g - 18, -3*w - 5*g = -5. Let f = 3 - w. Suppose 2 = t + 5*q, 3*t + 54 = f*t + 3*q. Does 7 divide t?
False
Suppose 5*s - 402 - 328 = 0. Is 17 a factor of s?
False
Let h(a) = -6*a. Does 9 divide h(-6)?
True
Let t = 0 - -3. Let r be 400/12 - 1/t. Does 9 divide r/3 - (-1 - -3)?
True
Let m(b) = 6*b**2 - 3*b + 2. Let o be -1 - (-3 + 2 + -1). Let u(y) = y. Let g(q) = o*m(q) + u(q). Does 14 divide g(2)?
False
Let u(z) = -13*z + 55. Is u(-6) a multiple of 20?
False
Suppose -2*h + 0*u + 2 = -u, 4*h - 5*u = 10. Let d(j) = -j**2 + 40. Let k be d(h). Suppose g + 3*g = k. Is g a multiple of 10?
True
Let j = -239 - -509. Is 45 a factor of j?
True
Suppose -2*l + 7*l - 295 = 0. Is l a multiple of 38?
False
Suppose -10*k = -4*k - 306. Is k a multiple of 12?
False
Let v = -24 - -77. Does 12 divide v?
False
Let x(h) = h**2 + 9*h + 8. Let j be x(-10). Let s = 3 + j. Is 8 a factor of s?
False
Let b(q) be the third derivative of -q**4/12 - 13*q**3/6 + 8*q**2. Is 2 a factor of b(-9)?
False
Suppose -177 = -x - 40. Does 14 divide x?
False
Let w be (2 + -1)/(2/10). Suppose -3*a = -2*p - 152, -2*a - 191 = -6*a + w*p. Is a a multiple of 18?
True
Is 11 a factor of -99*(5/(-3) + 1)?
True
Let n(v) = -v. Suppose 0 = -7*q + 3*q - 12. Is n(q) even?
False
Is 8 a factor of (23 + 0)*(2 - 1)?
False
Suppose 0*n = -2*n + 76. Suppose 0 = -d + 14 - 40. Let h = d + n. Is h a multiple of 10?
False
Is -3 + (-1 + 3 - -67) a multiple of 33?
True
Let f(z) = -34*z - 4. Let m be f(-5). Suppose m = 5*q + 36. Does 13 divide q?
True
Is (-3 + -1)/(1/(-11)) a multiple of 21?
False
Let l = 25 - 6. Suppose -2*r = 2*y + y - l, -4*r + 33 = 5*y. Suppose 4*h - h + 6 = 0, -s + r*h + 11 = 0. Does 7 divide s?
True
Let z(w) be the second derivative of w**3/6 - 2*w**2 - 2*w. Let x be z(4). Let b(m) = m + 12. Does 6 divide b(x)?
True
Suppose -f = -1, 2*z - 4*f - 11 = 125. Let x = z + -41. Is x a multiple of 18?
False
Let b(p) = p**2 - 10*p - 3. Let g be b(5). Let u(w) = 4*w**2 - 4*w + 1. Let z be u(-3). Let x = z + g. Is 11 a factor of x?
False
Is ((-26)/3)/(14/(-105)) a multiple of 6?
False
Let p be (4/(-10) - 981/(-15)) + 0. Let g = 25 + -18. Suppose 2*s + p = g*s. Is 5 a factor of s?
False
Suppose -s + 27 = 2*s. Suppose -i = -2 + s. Let t = 22 + i. Does 9 divide t?
False
Suppose -4*v + 5*x = -216, 0*v + 5*x + 162 = 3*v. Is v a multiple of 18?
True
Let y(u) = -u**3 - 7*u**2 - 2*u - 7. Let p be y(-7). Let k(c) = -c. Let j(m) = 3*m - 1. Let r(s) = 3*j(s) + 7*k(s). Does 8 divide r(p)?
False
Let v(h) = 4*h**2 + 7*h + 7. Does 3 divide v(-5)?
True
Let m(p) = -9*p + 9. Let v(r) = -17*r + 18. Let d(s) = 7*m(s) - 4*v(s). Let k be d(6). Suppose 5*n - 43 = -l, -3*n = -5*l + 3*l + k. Does 18 divide l?
True
Let m(a) be the third derivative of a**5/60 + a**4/12 + a**3/3 - 2*a**2. Let t = -6 - -2. Is m(t) a multiple of 5?
True
Let d(n) = 2*n**2 + n - 11. Does 31 divide d(-8)?
False
Let c be (-8)/44 - (-4)/22. Suppose 2*s + 0*s - 26 = c. Is 6 a factor of s?
False
Let k(m) = 4*m**3 + 6*m**2 - 8*m - 3. Let l(t) = -5*t**3 - 7*t**2 + 9*t + 4. Let x(n) = -4*k(n) - 3*l(n). Let d be x(-5). Let p = d + -12. Does 13 divide p?
True
Let k = -28 + 27. Is k/((-5)/12)*10 a multiple of 6?
True
Let o(a) = -4 + a + 1 + 7. Is 5 a factor of o(6)?
True
Suppose 0*m + 202 = w + 5*m, -5*w - 2*m = -987. Is 45 a factor of w?
False
Suppose 0 = -t + z - 4, -5*z + 0*z = 4*t - 20. Suppose 2*j = -5*g - 35, t = -3*j + 2*g - 25 + 1. Does 2 divide ((-4)/j)/(3/15)?
True
Let i(s) = -5*s - 5. Is 10 a factor of i(-6)?
False
Is 4/(-16) + 0 - 2337/(-4) a multiple of 75?
False
Let h = 33 + 19. Is h a multiple of 13?
True
Suppose 5*a + 6 = -4, u + 5*a - 15 = 0. Let c = u - 17. Is c a multiple of 8?
True
Suppose 5*w = 23 + 37. Suppose 0 = -2*p - 2*p + w. Suppose t - 4*y - p = 0, -2*y + 102 = -2*t + 6*t. Is 9 a factor of t?
False
Let y(w) = -w**2 - 20*w + 3. Let i be y(-10). Let d = -71 + i. Is 14 a factor of d?
False
Suppose -2*l + 5*k = -9, 4*l + 5*k - k - 4 = 0. Is 5 a factor of (40/16)/(l/4)?
True
Is 7 a factor of 1/(-2) + (-145)/(-10)?
True
Let u(b) = -b + 4. Let m be u(4). Suppose m*h - 15 = -h. Suppose 4*f - 45 = h. Does 6 divide f?
False
Suppose -6*k - 300 = -10*k. Is k a multiple of 15?
True
Let p = -6 - -9. Let x = 19 - p. Does 11 divide x?
False
Let k be (-9)/(-45) - (-6)/(-5). Let c be -1*1*2 - 0. Is 9 a factor of (-3)/(k/(-6)*c)?
True
Let c = 44 + -28. Does 8 divide c?
True
Suppose 3*x - 2 = 292. Does 7 divide x?
True
Let u(j) = 2*j - 12. Let w be u(-10). Let v = -15 - w. Is 17 a factor of v?
True
Let d(c) = -4*c - 8. Suppose 2*v + g - 5*g = 2, 0 = -v + 3*g + 4. Is d(v) a multiple of 6?
True
Suppose -2*o - 20 = 3*o. Let s = 28 + o. Is 12 a factor of s?
True
Suppose 0 = -s + 3*c + 48, c + 5 = 3. Is 3 a factor of s?
True
Is 8 a factor of 2*(-24)/(9/(-3))?
True
Suppose 25 = -5*c + 5, 4*f + 3*c = 640. Is 16 a factor of f?
False
Suppose 3*u + 30 = u. Is (-8)/10*u/6 even?
True
Let v = -161 - -56. Let l = 159 + v. Is 18 a factor of l?
True
Let m(x) = x**3 - x**2 - x + 37. Suppose -2*v = -v + 3*q + 8, -3*v + 2*q = 2. Let f be 0 - (0 - 0)/v. Is m(f) a multiple of 20?
False
Suppose -32 = 3*y + y - 3*v, -11 = 3*y + v. Let b be (-54)/4 - y/10. Let r = 7 - b. Does 13 divide r?
False
Let u = -128 - -47. Let h = -46 - u. Is h a multiple of 13?
False
Let g(v) = v**2 - 5*v - 3. Let c be g(8). Suppose -c + 1 = -5*w. Suppose -w*b - b = -95. Does 14 divide b?
False
Suppose -4 = 2*i - 164. Is i a multiple of 40?
True
Let l(t) = t - 4. Let q(f) = f - 3. Let v(w) = -2*l(w) + 3*q(w). Let s(b) = -6. Let m(p) = s(p) + 5*v(p). Does 11 divide m(8)?
False
Let t = -317 + 477. Is t a multiple of 32?
True
Let w(i) = -i**3 + 9*i**2 + i + 8. Does 5 divide w(9)?
False
Let j be (-27)/(-33) - 2/(-11). Is 8 a factor of j - (-3 + 2 - 19)?
False
Suppose -7 = -v - 0. Does 5 divide v?
False
Let v(y) = -y**2 - 3*y + 5. Let w be v(-5). Let l = -1 - w. Does 12 divide (l/(-3))/((-2)/18)?
True
Let d(i) = i + 7. Let x be (-6)/(-4)*-4 - -1. Let b be d(x). Is 16 a factor of b/8 - 127/(-4)?
True
Suppose 0 = -2*b + 7*b. Suppose 2*t - 15 = f, 4*f = -b - 